{"id":3,"date":"2021-08-27T18:34:46","date_gmt":"2021-08-27T21:34:46","guid":{"rendered":"https:\/\/limpafossa.floripa.br\/?page_id=3"},"modified":"2025-08-18T19:06:33","modified_gmt":"2025-08-18T22:06:33","slug":"politica-de-privacidade","status":"publish","type":"page","link":"https:\/\/suprilandia.net.br\/hidromax\/politica-de-privacidade\/","title":{"rendered":"Pol\u00edtica de privacidade"},"content":{"rendered":"\t\t<div data-elementor-type=\"wp-page\" data-elementor-id=\"3\" class=\"elementor elementor-3\" data-elementor-post-type=\"page\">\n\t\t\t\t\t\t<section class=\"elementor-section elementor-top-section elementor-element elementor-element-6038c3b7 elementor-section-boxed elementor-section-height-default elementor-section-height-default\" data-id=\"6038c3b7\" data-element_type=\"section\" data-e-type=\"section\" data-settings=\"{&quot;background_background&quot;:&quot;classic&quot;,&quot;jet_parallax_layout_list&quot;:[{&quot;jet_parallax_layout_image&quot;:{&quot;url&quot;:&quot;&quot;,&quot;id&quot;:&quot;&quot;,&quot;size&quot;:&quot;&quot;},&quot;_id&quot;:&quot;cbea34c&quot;,&quot;jet_parallax_layout_image_tablet&quot;:{&quot;url&quot;:&quot;&quot;,&quot;id&quot;:&quot;&quot;,&quot;size&quot;:&quot;&quot;},&quot;jet_parallax_layout_image_mobile&quot;:{&quot;url&quot;:&quot;&quot;,&quot;id&quot;:&quot;&quot;,&quot;size&quot;:&quot;&quot;},&quot;jet_parallax_layout_speed&quot;:{&quot;unit&quot;:&quot;%&quot;,&quot;size&quot;:50,&quot;sizes&quot;:[]},&quot;jet_parallax_layout_type&quot;:&quot;scroll&quot;,&quot;jet_parallax_layout_direction&quot;:&quot;1&quot;,&quot;jet_parallax_layout_fx_direction&quot;:null,&quot;jet_parallax_layout_z_index&quot;:&quot;&quot;,&quot;jet_parallax_layout_bg_x&quot;:50,&quot;jet_parallax_layout_bg_x_tablet&quot;:&quot;&quot;,&quot;jet_parallax_layout_bg_x_mobile&quot;:&quot;&quot;,&quot;jet_parallax_layout_bg_y&quot;:50,&quot;jet_parallax_layout_bg_y_tablet&quot;:&quot;&quot;,&quot;jet_parallax_layout_bg_y_mobile&quot;:&quot;&quot;,&quot;jet_parallax_layout_bg_size&quot;:&quot;auto&quot;,&quot;jet_parallax_layout_bg_size_tablet&quot;:&quot;&quot;,&quot;jet_parallax_layout_bg_size_mobile&quot;:&quot;&quot;,&quot;jet_parallax_layout_animation_prop&quot;:&quot;transform&quot;,&quot;jet_parallax_layout_on&quot;:[&quot;desktop&quot;,&quot;tablet&quot;]}]}\">\n\t\t\t\t\t\t\t<div class=\"elementor-background-overlay\"><\/div>\n\t\t\t\t\t\t\t<div class=\"elementor-container elementor-column-gap-default\">\n\t\t\t\t\t<div class=\"elementor-column elementor-col-100 elementor-top-column elementor-element elementor-element-13f46be6\" data-id=\"13f46be6\" data-element_type=\"column\" data-e-type=\"column\">\n\t\t\t<div class=\"elementor-widget-wrap elementor-element-populated\">\n\t\t\t\t\t\t\t<\/div>\n\t\t<\/div>\n\t\t\t\t\t<\/div>\n\t\t<\/section>\n\t\t<div class=\"elementor-element elementor-element-47156c5 e-flex e-con-boxed e-con e-parent\" data-id=\"47156c5\" data-element_type=\"container\" data-e-type=\"container\" data-settings=\"{&quot;jet_parallax_layout_list&quot;:[{&quot;jet_parallax_layout_image&quot;:{&quot;url&quot;:&quot;&quot;,&quot;id&quot;:&quot;&quot;,&quot;size&quot;:&quot;&quot;},&quot;_id&quot;:&quot;c9bea3b&quot;,&quot;jet_parallax_layout_image_tablet&quot;:{&quot;url&quot;:&quot;&quot;,&quot;id&quot;:&quot;&quot;,&quot;size&quot;:&quot;&quot;},&quot;jet_parallax_layout_image_mobile&quot;:{&quot;url&quot;:&quot;&quot;,&quot;id&quot;:&quot;&quot;,&quot;size&quot;:&quot;&quot;},&quot;jet_parallax_layout_speed&quot;:{&quot;unit&quot;:&quot;%&quot;,&quot;size&quot;:50,&quot;sizes&quot;:[]},&quot;jet_parallax_layout_type&quot;:&quot;scroll&quot;,&quot;jet_parallax_layout_direction&quot;:&quot;1&quot;,&quot;jet_parallax_layout_fx_direction&quot;:null,&quot;jet_parallax_layout_z_index&quot;:&quot;&quot;,&quot;jet_parallax_layout_bg_x&quot;:50,&quot;jet_parallax_layout_bg_x_tablet&quot;:&quot;&quot;,&quot;jet_parallax_layout_bg_x_mobile&quot;:&quot;&quot;,&quot;jet_parallax_layout_bg_y&quot;:50,&quot;jet_parallax_layout_bg_y_tablet&quot;:&quot;&quot;,&quot;jet_parallax_layout_bg_y_mobile&quot;:&quot;&quot;,&quot;jet_parallax_layout_bg_size&quot;:&quot;auto&quot;,&quot;jet_parallax_layout_bg_size_tablet&quot;:&quot;&quot;,&quot;jet_parallax_layout_bg_size_mobile&quot;:&quot;&quot;,&quot;jet_parallax_layout_animation_prop&quot;:&quot;transform&quot;,&quot;jet_parallax_layout_on&quot;:[&quot;desktop&quot;,&quot;tablet&quot;]}]}\">\n\t\t\t\t\t<div class=\"e-con-inner\">\n\t\t<div class=\"elementor-element elementor-element-3d6870a e-con-full e-flex e-con e-child\" data-id=\"3d6870a\" data-element_type=\"container\" data-e-type=\"container\" data-settings=\"{&quot;jet_parallax_layout_list&quot;:[]}\">\n\t\t\t\t<div class=\"elementor-element elementor-element-cc5f656 elementor-widget elementor-widget-text-editor\" data-id=\"cc5f656\" data-element_type=\"widget\" data-e-type=\"widget\" data-widget_type=\"text-editor.default\">\n\t\t\t\t<div class=\"elementor-widget-container\">\n\t\t\t\t\t\t\t\t\t\n<p>Todas as suas informa\u00e7\u00f5es pessoais recolhidas, ser\u00e3o usadas para o ajudar a tornar a sua visita no nosso site a mais produtiva e agrad\u00e1vel poss\u00edvel.<\/p>\n\n<p>A garantia da confidencialidade dos dados pessoais dos utilizadores do nosso site \u00e9 muito importante para a <strong><\/strong>.<\/p>\n\n<p>Todas as informa\u00e7\u00f5es pessoais relativas a membros, assinantes, clientes ou visitantes que usem o site da <strong><\/strong> ser\u00e3o tratadas em concord\u00e2ncia com a Lei.<\/p>\n\n<p>A informa\u00e7\u00e3o pessoal recolhida pode incluir o seu nome, e-mail, n\u00famero de telefone e\/ou celular, endere\u00e7o, data de nascimento e\/ou outros.<\/p>\n\n<p>O uso do site da <strong><\/strong> pressup\u00f5e a aceita\u00e7\u00e3o deste Acordo de Privacidade. A equipe da <strong><\/strong> reserva-se ao direito de alterar este acordo sem aviso pr\u00e9vio. Deste modo, recomendamos que consulte a nossa pol\u00edtica de privacidade com regularidade de forma a estar sempre atualizado.<\/p>\n\n<h2 class=\"wp-block-heading\">Coleta de dados<\/h2>\n\n<p>O site da <strong><\/strong> oferece diversos servi\u00e7os, por\u00e9m a utiliza\u00e7\u00e3o de alguns servi\u00e7os somente poder\u00e1 ser feita mediante inscri\u00e7\u00e3o ou registro do usu\u00e1rio.<\/p>\n\n<h3 class=\"wp-block-heading\">Os Cookies e Web Beacons<\/h3>\n\n<p>Utilizamos cookies para armazenar informa\u00e7\u00e3o, tais como as suas prefer\u00eancias pessoas quando visita o nosso website. Isto poder\u00e1 incluir um simples popup, ou uma liga\u00e7\u00e3o em v\u00e1rios servi\u00e7os que providenciamos, tais como f\u00f3runs.<\/p>\n\n<p>Em adi\u00e7\u00e3o tamb\u00e9m utilizamos ferramentas de publicidade de terceiros no nosso website. Algumas destas ferramentas, poder\u00e3o utilizar tecnologias como os cookies e\/ou web beacons, que armazenar\u00e3o informa\u00e7\u00f5es a respeito de usu\u00e1rios para posteriormente oferecer an\u00fancios da <strong><\/strong> mais relevantes.<\/p>\n\n<p>A qualquer momento voc\u00ea pode desligar os seus cookies, nas op\u00e7\u00f5es do seu browser (navegador), ou efetuando altera\u00e7\u00f5es nas ferramentas de programas Anti-Virus, como o Norton Internet Security. No entanto, isso poder\u00e1 alterar a forma como interage com o nosso website, ou outros websites. Isso poder\u00e1 afetar ou n\u00e3o permitir que fa\u00e7a logins em programas, sites ou f\u00f3runs da nossa e de outras redes.<\/p>\n\n<h3 class=\"wp-block-heading\">Seguran\u00e7a<\/h3>\n\n<p>Todas as informa\u00e7\u00f5es coletadas nesse website s\u00e3o armazenadas de maneira segura, utilizando um protocolo de seguran\u00e7a SSL (Secure Sockets Layer) que envia suas informa\u00e7\u00f5es de maneira criptografada, a mesma utilizada em sites de bancos e com\u00e9rcios eletr\u00f4nicos.<\/p>\n\n<h2 class=\"wp-block-heading\">Utiliza\u00e7\u00e3o dos dados<\/h2>\n\n<p>A <strong><\/strong> n\u00e3o cede ou comercializa seus dados a terceiros. Eles ser\u00e3o de uso exclusivo para manter voc\u00ea atualizado, caso assim deseje, sobre as not\u00edcias, postagens e demais conte\u00fados que possam ser relevantes ao usu\u00e1rio.<\/p>\n\n<h2 class=\"wp-block-heading\">Pol\u00edtica de envio de e-mails<\/h2>\n\n<p>Os envios de e-mail seguem as normas e pol\u00edticas estabelecidas pelo <a href=\"https:\/\/www.capem.com.br\" target=\"_blank\" rel=\"noreferrer noopener\">CAPEM (C\u00f3digo de autorregulamenta\u00e7\u00e3o para a pr\u00e1tica de e-mail marketing)<\/a>. Todas as mensagens enviadas cont\u00e9m links para cancelamento do cadastro, bem como uma segunda forma de solicitar o cancelamento.<\/p>\n\n<p>E-mails com informa\u00e7\u00f5es ser\u00e3o enviados para aqueles que solicitarem o recebimento das mesmas.<\/p>\n\n<h2 class=\"wp-block-heading\">Sobre o comportamento do usu\u00e1rio<\/h2>\n\n<p>O usu\u00e1rio concorda que \u00e9 proibido por lei:<\/p>\n\n<ul class=\"wp-block-list\">\n<li>Prejudicar os direitos e interesses de terceiros;<\/li>\n<li>Inutilizar, modificar ou impedir, em todo ou em parte, qualquer \u00e1rea do site<\/li>\n<li>Tentar violar os meio t\u00e9cnicos de prote\u00e7\u00e3o ao conte\u00fado do site;<\/li>\n<li>Utilizar o conte\u00fado do site com finalidade comercial de venda de servi\u00e7os.<\/li>\n<\/ul>\n\n<p>Nas \u00e1reas onde existe troca de informa\u00e7\u00f5es, o usu\u00e1rio concorda que \u00e9 proibido por lei difundir, disponibilizar ou transmitir conte\u00fado que:<\/p>\n\n<ul class=\"wp-block-list\">\n<li>Ameace a integridade f\u00edsica, moral e psicol\u00f3gica;<\/li>\n<li>Contrarie o disposto na Constitui\u00e7\u00e3o Federal Brasileira e nas Conven\u00e7\u00f5es Internacionais no que diz respeito aos direitos fundamentais;<\/li>\n<li>Promova atos que contenham cal\u00fania, difama\u00e7\u00e3o, inj\u00faria.<\/li>\n<li>Induza qualquer tipo de discrimina\u00e7\u00e3o, seja ela sexual, racial, \u00e9tnica, religiosa, et\u00e1ria, social;<\/li>\n<li>Difunda servi\u00e7os ilegais, violentos, imorais, pornogr\u00e1ficos, degradantes;<\/li>\n<li>Crie ansiedade, ang\u00fastia, desespero, temor, depress\u00e3o;<\/li>\n<li>Induza a erro sobre o verdadeiro teor da vontade do usu\u00e1rio, utilizando-se de informa\u00e7\u00f5es falsas, imprecisas, confusas;<\/li>\n<li>Esteja protegido pelo direito de autoria e propriedade;<\/li>\n<li>Tenha qualquer tipo de v\u00edrus que prejudique o pleno funcionamento do site e\/ou do equipamento de terceiros.<\/li>\n<\/ul>\n\t\t\t\t\t\t\t\t<\/div>\n\t\t\t\t<\/div>\n\t\t\t\t<\/div>\n\t\t\t\t\t<\/div>\n\t\t\t\t<\/div>\n\t\t\t\t<\/div>\n\t\t","protected":false},"excerpt":{"rendered":"<p>Todas as suas informa\u00e7\u00f5es pessoais recolhidas, ser\u00e3o usadas para o ajudar a tornar a sua visita no nosso site a mais produtiva e agrad\u00e1vel poss\u00edvel. A garantia da confidencialidade dos dados pessoais dos utilizadores do nosso site \u00e9 muito importante para a . Todas as informa\u00e7\u00f5es pessoais relativas a membros, assinantes, clientes ou visitantes que [&hellip;]<\/p>\n","protected":false},"author":1,"featured_media":0,"parent":0,"menu_order":0,"comment_status":"closed","ping_status":"open","template":"elementor_header_footer","meta":{"footnotes":""},"class_list":["post-3","page","type-page","status-publish","hentry"],"_links":{"self":[{"href":"https:\/\/suprilandia.net.br\/hidromax\/wp-json\/wp\/v2\/pages\/3","targetHints":{"allow":["GET"]}}],"collection":[{"href":"https:\/\/suprilandia.net.br\/hidromax\/wp-json\/wp\/v2\/pages"}],"about":[{"href":"https:\/\/suprilandia.net.br\/hidromax\/wp-json\/wp\/v2\/types\/page"}],"author":[{"embeddable":true,"href":"https:\/\/suprilandia.net.br\/hidromax\/wp-json\/wp\/v2\/users\/1"}],"replies":[{"embeddable":true,"href":"https:\/\/suprilandia.net.br\/hidromax\/wp-json\/wp\/v2\/comments?post=3"}],"version-history":[{"count":0,"href":"https:\/\/suprilandia.net.br\/hidromax\/wp-json\/wp\/v2\/pages\/3\/revisions"}],"wp:attachment":[{"href":"https:\/\/suprilandia.net.br\/hidromax\/wp-json\/wp\/v2\/media?parent=3"}],"curies":[{"name":"wp","href":"https:\/\/api.w.org\/{rel}","templated":true}]}}