{"id":288,"date":"2021-08-30T13:10:05","date_gmt":"2021-08-30T16:10:05","guid":{"rendered":"https:\/\/limpafossa.floripa.br\/?page_id=288"},"modified":"2025-08-31T12:04:20","modified_gmt":"2025-08-31T15:04:20","slug":"quem-somos","status":"publish","type":"page","link":"https:\/\/suprilandia.net.br\/hidromax\/quem-somos\/","title":{"rendered":"Quem Somos"},"content":{"rendered":"\t\t<div data-elementor-type=\"wp-page\" data-elementor-id=\"288\" class=\"elementor elementor-288\" data-elementor-post-type=\"page\">\n\t\t\t\t<div class=\"elementor-element elementor-element-4efd5ba e-flex e-con-boxed e-con e-parent\" data-id=\"4efd5ba\" data-element_type=\"container\" data-e-type=\"container\" data-settings=\"{&quot;background_background&quot;:&quot;classic&quot;,&quot;jet_parallax_layout_list&quot;:[]}\">\n\t\t\t\t\t<div class=\"e-con-inner\">\n\t\t\t\t\t<\/div>\n\t\t\t\t<\/div>\n\t\t<div class=\"elementor-element elementor-element-d313309 e-flex e-con-boxed e-con e-parent\" data-id=\"d313309\" data-element_type=\"container\" data-e-type=\"container\" data-settings=\"{&quot;jet_parallax_layout_list&quot;:[]}\">\n\t\t\t\t\t<div class=\"e-con-inner\">\n\t\t<div class=\"elementor-element elementor-element-7dc510c e-flex e-con-boxed e-con e-child\" data-id=\"7dc510c\" data-element_type=\"container\" data-e-type=\"container\" data-settings=\"{&quot;jet_parallax_layout_list&quot;:[]}\">\n\t\t\t\t\t<div class=\"e-con-inner\">\n\t\t\t\t<div class=\"elementor-element elementor-element-03d4760 elementor-widget elementor-widget-heading\" data-id=\"03d4760\" data-element_type=\"widget\" data-e-type=\"widget\" data-widget_type=\"heading.default\">\n\t\t\t\t<div class=\"elementor-widget-container\">\n\t\t\t\t\t<h2 class=\"elementor-heading-title elementor-size-default\"> Especialistas em Desentupimento e Limpeza de Fossas S\u00e9pticas<\/h2>\t\t\t\t<\/div>\n\t\t\t\t<\/div>\n\t\t\t\t<div class=\"elementor-element elementor-element-7f26c85 elementor-widget elementor-widget-text-editor\" data-id=\"7f26c85\" data-element_type=\"widget\" data-e-type=\"widget\" data-widget_type=\"text-editor.default\">\n\t\t\t\t<div class=\"elementor-widget-container\">\n\t\t\t\t\t\t\t\t\t<p>A <strong>HIDROMAX<\/strong> destaca-se como uma empresa l\u00edder no setor de servi\u00e7os de desentupimento e limpeza de fossas s\u00e9pticas, oferecendo solu\u00e7\u00f5es eficazes e inovadoras para clientes residenciais, comerciais e industriais. Com um compromisso inabal\u00e1vel com a excel\u00eancia, a <strong>HIDROMAX <\/strong>tornou-se sin\u00f4nimo de confiabilidade e efici\u00eancia em suas opera\u00e7\u00f5es.<\/p>\t\t\t\t\t\t\t\t<\/div>\n\t\t\t\t<\/div>\n\t\t\t\t\t<\/div>\n\t\t\t\t<\/div>\n\t\t<div class=\"elementor-element elementor-element-bd9fbbf e-flex e-con-boxed e-con e-child\" data-id=\"bd9fbbf\" data-element_type=\"container\" data-e-type=\"container\" data-settings=\"{&quot;jet_parallax_layout_list&quot;:[]}\">\n\t\t\t\t\t<div class=\"e-con-inner\">\n\t\t\t\t<div class=\"elementor-element elementor-element-f9b548b elementor-widget elementor-widget-heading\" data-id=\"f9b548b\" data-element_type=\"widget\" data-e-type=\"widget\" data-widget_type=\"heading.default\">\n\t\t\t\t<div class=\"elementor-widget-container\">\n\t\t\t\t\t<h3 class=\"elementor-heading-title elementor-size-default\">Quem somos<\/h3>\t\t\t\t<\/div>\n\t\t\t\t<\/div>\n\t\t\t\t\t<\/div>\n\t\t\t\t<\/div>\n\t\t<div class=\"elementor-element elementor-element-d940993 e-con-full e-flex e-con e-child\" data-id=\"d940993\" data-element_type=\"container\" data-e-type=\"container\" data-settings=\"{&quot;jet_parallax_layout_list&quot;:[]}\">\n\t\t<div class=\"elementor-element elementor-element-a6481dd e-con-full e-flex e-con e-child\" data-id=\"a6481dd\" data-element_type=\"container\" data-e-type=\"container\" data-settings=\"{&quot;jet_parallax_layout_list&quot;:[]}\">\n\t\t\t\t<div class=\"elementor-element elementor-element-57e888f elementor-widget elementor-widget-image\" data-id=\"57e888f\" data-element_type=\"widget\" data-e-type=\"widget\" data-widget_type=\"image.default\">\n\t\t\t\t<div class=\"elementor-widget-container\">\n\t\t\t\t\t\t\t\t\t\t\t\t\t\t\t<img fetchpriority=\"high\" decoding=\"async\" width=\"500\" height=\"889\" src=\"https:\/\/suprilandia.net.br\/hidromax\/wp-content\/uploads\/2025\/08\/img-home03.jpg\" class=\"attachment-full size-full wp-image-2462\" alt=\"ENTUPIU Desentupidora em Caxias do Sul\" srcset=\"https:\/\/suprilandia.net.br\/hidromax\/wp-content\/uploads\/2025\/08\/img-home03.jpg 500w, https:\/\/suprilandia.net.br\/hidromax\/wp-content\/uploads\/2025\/08\/img-home03-169x300.jpg 169w\" sizes=\"(max-width: 500px) 100vw, 500px\" \/>\t\t\t\t\t\t\t\t\t\t\t\t\t\t\t<\/div>\n\t\t\t\t<\/div>\n\t\t\t\t<\/div>\n\t\t<div class=\"elementor-element elementor-element-26d7272 e-con-full e-flex e-con e-child\" data-id=\"26d7272\" data-element_type=\"container\" data-e-type=\"container\" data-settings=\"{&quot;jet_parallax_layout_list&quot;:[]}\">\n\t\t\t\t<div class=\"elementor-element elementor-element-e63861b elementor-widget elementor-widget-text-editor\" data-id=\"e63861b\" data-element_type=\"widget\" data-e-type=\"widget\" data-widget_type=\"text-editor.default\">\n\t\t\t\t<div class=\"elementor-widget-container\">\n\t\t\t\t\t\t\t\t\t<p>A HIDROMAX\u00a0\u00e9 uma empresa dedicada, fundada com a vis\u00e3o de fornecer servi\u00e7os de alta qualidade para atender \u00e0s crescentes demandas por solu\u00e7\u00f5es de desentupimento e limpeza de fossas s\u00e9pticas. Com uma equipe altamente treinada e equipamentos de \u00faltima gera\u00e7\u00e3o, acreditamos que a preven\u00e7\u00e3o e manuten\u00e7\u00e3o s\u00e3o fundamentais para garantir o bom funcionamento dos sistemas hidr\u00e1ulicos e sanit\u00e1rios.<\/p>\t\t\t\t\t\t\t\t<\/div>\n\t\t\t\t<\/div>\n\t\t\t\t<div class=\"elementor-element elementor-element-9110a06 elementor-widget elementor-widget-heading\" data-id=\"9110a06\" data-element_type=\"widget\" data-e-type=\"widget\" data-widget_type=\"heading.default\">\n\t\t\t\t<div class=\"elementor-widget-container\">\n\t\t\t\t\t<h3 class=\"elementor-heading-title elementor-size-default\">Compromisso Ambiental<\/h3>\t\t\t\t<\/div>\n\t\t\t\t<\/div>\n\t\t\t\t<div class=\"elementor-element elementor-element-afec7c8 elementor-widget elementor-widget-text-editor\" data-id=\"afec7c8\" data-element_type=\"widget\" data-e-type=\"widget\" data-widget_type=\"text-editor.default\">\n\t\t\t\t<div class=\"elementor-widget-container\">\n\t\t\t\t\t\t\t\t\t<p>A HIDROMAX preza pela sustentabilidade e responsabilidade ambiental em todas as suas opera\u00e7\u00f5es. Nossos m\u00e9todos de trabalho s\u00e3o desenvolvidos para minimizar impactos negativos no meio ambiente, assegurando que res\u00edduos sejam descartados de maneira adequada e de acordo com as normas regulat\u00f3rias.<\/p>\t\t\t\t\t\t\t\t<\/div>\n\t\t\t\t<\/div>\n\t\t\t\t<\/div>\n\t\t\t\t<\/div>\n\t\t<div class=\"elementor-element elementor-element-4143e88 e-flex e-con-boxed e-con e-child\" data-id=\"4143e88\" data-element_type=\"container\" data-e-type=\"container\" data-settings=\"{&quot;jet_parallax_layout_list&quot;:[]}\">\n\t\t\t\t\t<div class=\"e-con-inner\">\n\t\t\t\t<div class=\"elementor-element elementor-element-4a15914 elementor-widget elementor-widget-heading\" data-id=\"4a15914\" data-element_type=\"widget\" data-e-type=\"widget\" data-widget_type=\"heading.default\">\n\t\t\t\t<div class=\"elementor-widget-container\">\n\t\t\t\t\t<h3 class=\"elementor-heading-title elementor-size-default\">Atendimento Personalizado<\/h3>\t\t\t\t<\/div>\n\t\t\t\t<\/div>\n\t\t\t\t<div class=\"elementor-element elementor-element-3e83c86 elementor-widget elementor-widget-text-editor\" data-id=\"3e83c86\" data-element_type=\"widget\" data-e-type=\"widget\" data-widget_type=\"text-editor.default\">\n\t\t\t\t<div class=\"elementor-widget-container\">\n\t\t\t\t\t\t\t\t\t<p>Entendemos a urg\u00eancia e a import\u00e2ncia de resolver quest\u00f5es relacionadas a desentupimento e limpeza de fossas s\u00e9pticas. Por isso, oferecemos um atendimento r\u00e1pido e eficaz, disponibilizando equipes de plant\u00e3o 24 horas por dia, 7 dias por semana.<\/p>\t\t\t\t\t\t\t\t<\/div>\n\t\t\t\t<\/div>\n\t\t\t\t\t<\/div>\n\t\t\t\t<\/div>\n\t\t<div class=\"elementor-element elementor-element-f58c4f3 e-flex e-con-boxed e-con e-child\" data-id=\"f58c4f3\" data-element_type=\"container\" data-e-type=\"container\" data-settings=\"{&quot;jet_parallax_layout_list&quot;:[]}\">\n\t\t\t\t\t<div class=\"e-con-inner\">\n\t\t\t\t<div class=\"elementor-element elementor-element-03a10b4 elementor-widget elementor-widget-heading\" data-id=\"03a10b4\" data-element_type=\"widget\" data-e-type=\"widget\" data-widget_type=\"heading.default\">\n\t\t\t\t<div class=\"elementor-widget-container\">\n\t\t\t\t\t<h3 class=\"elementor-heading-title elementor-size-default\">\u00c1rea de Cobertura<\/h3>\t\t\t\t<\/div>\n\t\t\t\t<\/div>\n\t\t\t\t<div class=\"elementor-element elementor-element-350da38 elementor-widget elementor-widget-text-editor\" data-id=\"350da38\" data-element_type=\"widget\" data-e-type=\"widget\" data-widget_type=\"text-editor.default\">\n\t\t\t\t<div class=\"elementor-widget-container\">\n\t\t\t\t\t\t\t\t\t<p>Desde 2015, estamos presentes nesta regi\u00e3o, consolidando nossa posi\u00e7\u00e3o como refer\u00eancia em servi\u00e7os de desentupimento e limpeza de fossas s\u00e9pticas.<\/p>\t\t\t\t\t\t\t\t<\/div>\n\t\t\t\t<\/div>\n\t\t\t\t\t<\/div>\n\t\t\t\t<\/div>\n\t\t<div class=\"elementor-element elementor-element-c91fc61 e-flex e-con-boxed e-con e-child\" data-id=\"c91fc61\" data-element_type=\"container\" data-e-type=\"container\" data-settings=\"{&quot;jet_parallax_layout_list&quot;:[]}\">\n\t\t\t\t\t<div class=\"e-con-inner\">\n\t\t\t\t<div class=\"elementor-element elementor-element-d995d3c elementor-widget elementor-widget-heading\" data-id=\"d995d3c\" data-element_type=\"widget\" data-e-type=\"widget\" data-widget_type=\"heading.default\">\n\t\t\t\t<div class=\"elementor-widget-container\">\n\t\t\t\t\t<h3 class=\"elementor-heading-title elementor-size-default\">Clientes Satisfeitos<\/h3>\t\t\t\t<\/div>\n\t\t\t\t<\/div>\n\t\t\t\t<div class=\"elementor-element elementor-element-958bc30 elementor-widget elementor-widget-text-editor\" data-id=\"958bc30\" data-element_type=\"widget\" data-e-type=\"widget\" data-widget_type=\"text-editor.default\">\n\t\t\t\t<div class=\"elementor-widget-container\">\n\t\t\t\t\t\t\t\t\t<p>Ao longo dos anos, a HIDROMAX conquistou a confian\u00e7a de uma ampla gama de clientes, desde resid\u00eancias e condom\u00ednios at\u00e9 empresas de diversos setores. Nossa reputa\u00e7\u00e3o \u00e9 constru\u00edda sobre a base da satisfa\u00e7\u00e3o do cliente e da entrega de resultados excepcionais<\/p>\t\t\t\t\t\t\t\t<\/div>\n\t\t\t\t<\/div>\n\t\t\t\t\t<\/div>\n\t\t\t\t<\/div>\n\t\t<div class=\"elementor-element elementor-element-f21d2cc e-flex e-con-boxed e-con e-child\" data-id=\"f21d2cc\" data-element_type=\"container\" data-e-type=\"container\" data-settings=\"{&quot;jet_parallax_layout_list&quot;:[]}\">\n\t\t\t\t\t<div class=\"e-con-inner\">\n\t\t\t\t<div class=\"elementor-element elementor-element-c025dc6 elementor-widget elementor-widget-heading\" data-id=\"c025dc6\" data-element_type=\"widget\" data-e-type=\"widget\" data-widget_type=\"heading.default\">\n\t\t\t\t<div class=\"elementor-widget-container\">\n\t\t\t\t\t<h3 class=\"elementor-heading-title elementor-size-default\">Contate a HIDROMAX<\/h3>\t\t\t\t<\/div>\n\t\t\t\t<\/div>\n\t\t\t\t<div class=\"elementor-element elementor-element-9a1e9f5 elementor-widget elementor-widget-text-editor\" data-id=\"9a1e9f5\" data-element_type=\"widget\" data-e-type=\"widget\" data-widget_type=\"text-editor.default\">\n\t\t\t\t<div class=\"elementor-widget-container\">\n\t\t\t\t\t\t\t\t\t<p>Para solu\u00e7\u00f5es confi\u00e1veis em desentupimento e limpeza de fossas s\u00e9pticas, conte com a experi\u00eancia e o profissionalismo da HIDROMAX. Entre em contato conosco e descubra como podemos atender \u00e0s suas necessidades de maneira eficaz e personalizada.<\/p>\t\t\t\t\t\t\t\t<\/div>\n\t\t\t\t<\/div>\n\t\t\t\t<div class=\"elementor-element elementor-element-d8ed9e6 elementor-widget elementor-widget-heading\" data-id=\"d8ed9e6\" data-element_type=\"widget\" data-e-type=\"widget\" data-widget_type=\"heading.default\">\n\t\t\t\t<div class=\"elementor-widget-container\">\n\t\t\t\t\t<h3 class=\"elementor-heading-title elementor-size-default\">HIDROMAX Desentupidora e Limpeza de Caixa de Gordura - Sua solu\u00e7\u00e3o r\u00e1pida e eficiente para problemas com esgotos.<\/h3>\t\t\t\t<\/div>\n\t\t\t\t<\/div>\n\t\t\t\t\t<\/div>\n\t\t\t\t<\/div>\n\t\t\t\t\t<\/div>\n\t\t\t\t<\/div>\n\t\t\t\t<\/div>\n\t\t","protected":false},"excerpt":{"rendered":"<p>Especialistas em Desentupimento e Limpeza de Fossas S\u00e9pticas A destaca-se como uma empresa l\u00edder no setor de servi\u00e7os de desentupimento e limpeza de fossas s\u00e9pticas, oferecendo solu\u00e7\u00f5es eficazes e inovadoras para clientes residenciais, comerciais e industriais. Com um compromisso inabal\u00e1vel com a excel\u00eancia, a tornou-se sin\u00f4nimo de confiabilidade e efici\u00eancia em suas opera\u00e7\u00f5es. Quem somos [&hellip;]<\/p>\n","protected":false},"author":1,"featured_media":0,"parent":0,"menu_order":0,"comment_status":"closed","ping_status":"closed","template":"elementor_header_footer","meta":{"footnotes":""},"class_list":["post-288","page","type-page","status-publish","hentry"],"_links":{"self":[{"href":"https:\/\/suprilandia.net.br\/hidromax\/wp-json\/wp\/v2\/pages\/288","targetHints":{"allow":["GET"]}}],"collection":[{"href":"https:\/\/suprilandia.net.br\/hidromax\/wp-json\/wp\/v2\/pages"}],"about":[{"href":"https:\/\/suprilandia.net.br\/hidromax\/wp-json\/wp\/v2\/types\/page"}],"author":[{"embeddable":true,"href":"https:\/\/suprilandia.net.br\/hidromax\/wp-json\/wp\/v2\/users\/1"}],"replies":[{"embeddable":true,"href":"https:\/\/suprilandia.net.br\/hidromax\/wp-json\/wp\/v2\/comments?post=288"}],"version-history":[{"count":3,"href":"https:\/\/suprilandia.net.br\/hidromax\/wp-json\/wp\/v2\/pages\/288\/revisions"}],"predecessor-version":[{"id":3048,"href":"https:\/\/suprilandia.net.br\/hidromax\/wp-json\/wp\/v2\/pages\/288\/revisions\/3048"}],"wp:attachment":[{"href":"https:\/\/suprilandia.net.br\/hidromax\/wp-json\/wp\/v2\/media?parent=288"}],"curies":[{"name":"wp","href":"https:\/\/api.w.org\/{rel}","templated":true}]}}